{"id":219,"date":"2022-06-11T10:08:14","date_gmt":"2022-06-11T10:08:14","guid":{"rendered":"https:\/\/gt-elektrotechnik.at\/?page_id=219"},"modified":"2025-09-10T15:55:41","modified_gmt":"2025-09-10T15:55:41","slug":"leistungen","status":"publish","type":"page","link":"https:\/\/gt-elektrotechnik.at\/?page_id=219","title":{"rendered":"Leistungen"},"content":{"rendered":"\n<p class=\"has-foreground-color has-text-color has-large-font-size\" id=\"Alarm\"><strong>Alarmmeldeanlagen<\/strong><\/p>\n\n\n\n<figure class=\"wp-block-image size-full is-resized\"><img loading=\"lazy\" decoding=\"async\" width=\"446\" height=\"300\" src=\"https:\/\/gt-elektrotechnik.at\/wp-content\/uploads\/2022\/06\/alarm-14.jpg\" alt=\"\" class=\"wp-image-170\" style=\"width:451px\" srcset=\"https:\/\/gt-elektrotechnik.at\/wp-content\/uploads\/2022\/06\/alarm-14.jpg 446w, https:\/\/gt-elektrotechnik.at\/wp-content\/uploads\/2022\/06\/alarm-14-300x202.jpg 300w\" sizes=\"auto, (max-width: 446px) 100vw, 446px\" \/><\/figure>\n\n\n\n<pre class=\"wp-block-preformatted\">Gem\u00e4ss Einbruchstatistik der Polizei finden in \u00d6sterreich 35 Einbr\u00fcche oder Einschleichdiebst\u00e4hle jeden Tag statt. Wir sorgen daf\u00fcr, dass Sie trotzdem ruhig schlafen und Ihr Haus oder Ihre Wohnung  ohne schlechtes Gef\u00fchl verlassen k\u00f6nnen. Alarmsysteme  sind modular aufgebaut und k\u00f6nnen individuell den unterschiedlichsten Bed\u00fcrfnisse angepasst werden.\nWenn Sie eine professionelle Alarmanlage f\u00fcr Ihr Zuhause, Gesch\u00e4ft oder B\u00fcro suchen, sind Sie hier genau richtig. Von Funkalarmanlagen oder verdrahteten Alarmanlagen. Wir beraten \nsie gerne Vorort um Ihre Individuelle Anlage gemeinsam zu planen.\n<\/pre>\n\n\n\n<p class=\"has-foreground-color has-text-color has-large-font-size\" id=\"Brand\"><strong>Brandmeldeanlagen<\/strong><\/p>\n\n\n\n<figure class=\"wp-block-image size-full\"><img loading=\"lazy\" decoding=\"async\" width=\"451\" height=\"300\" src=\"https:\/\/gt-elektrotechnik.at\/wp-content\/uploads\/2022\/06\/brand-6.jpg\" alt=\"\" class=\"wp-image-172\" srcset=\"https:\/\/gt-elektrotechnik.at\/wp-content\/uploads\/2022\/06\/brand-6.jpg 451w, https:\/\/gt-elektrotechnik.at\/wp-content\/uploads\/2022\/06\/brand-6-300x200.jpg 300w\" sizes=\"auto, (max-width: 451px) 100vw, 451px\" \/><\/figure>\n\n\n\n<pre class=\"wp-block-preformatted\">Ein Feuer kann grunds\u00e4tzlich \u00fcberall und jederzeit entstehen. Entscheidend ist, wie schnell es entdeckt und gel\u00f6scht wird. Ein hoher Grad an Automatisierung und moderne Technologien stehen f\u00fcr Fortschritt, bergen aber auch neue Risiken. Der Mensch ist nicht mehr \u00fcberall und st\u00e4ndig vor Ort, Sensibilit\u00e4t und Wert der Einrichtungen steigen. Gleichzeitig werden die Folgen einer St\u00f6rung immer extremer und ein Brand schnell zur Existenzbedrohung.\nBrandmeldeanlagen detektieren Brandgefahren und erkennen Entstehungsbr\u00e4nde rund um die Uhr. Sie warnen gef\u00e4hrdete Personen, alarmieren die Feuerwehr und versorgen die zust\u00e4ndigen Stellen mit allen relevanten Informationen. So wird der Brand schon im Entstehen bek\u00e4mpft und Menschen, Werte und die Umwelt gesch\u00fctzt.\nBrandmeldeanlagen sind wesentliche Bausteine eines verantwortlichen Sicherheitsmanagements. Jedes Objekt und jeder Einsatzbereich birgt spezielle Risiken und Anforderungen. Brandmeldeanlagen sorgen f\u00fcr die optimale Branderkennung und ein perfektes Zusammenspiel mit allen anderen Komponenten des Schutzkonzeptes.\n<\/pre>\n\n\n\n<p class=\"has-foreground-color has-text-color has-large-font-size\" id=\"Elektro\"><strong>Elektroinstallationen<\/strong><\/p>\n\n\n\n<figure class=\"wp-block-image size-full is-resized\"><img loading=\"lazy\" decoding=\"async\" width=\"400\" height=\"300\" src=\"https:\/\/gt-elektrotechnik.at\/wp-content\/uploads\/2022\/06\/elektroinstallation-5.jpg\" alt=\"\" class=\"wp-image-174\" style=\"width:451px;height:340px\" srcset=\"https:\/\/gt-elektrotechnik.at\/wp-content\/uploads\/2022\/06\/elektroinstallation-5.jpg 400w, https:\/\/gt-elektrotechnik.at\/wp-content\/uploads\/2022\/06\/elektroinstallation-5-300x225.jpg 300w\" sizes=\"auto, (max-width: 400px) 100vw, 400px\" \/><\/figure>\n\n\n\n<pre class=\"wp-block-preformatted\">Wie plant man die Elektroinstallation eines Hauses oder einer Wohnung? Wie umfangreich muss Ihre elektrische Ausstattung sein? Und was gilt es zu ber\u00fcck\u00adsichtigen, damit Sie sp\u00e4ter keine b\u00f6sen \u00dcber\u00adraschun\u00adgen er\u00adwartet unterst\u00fctzen wir Sie von der Planung bis\nzur Fertigstellung. Damit Sie f\u00fcr die n\u00e4chsten Jahrzehnte mit\nIhrer Elektrik zufrieden sind.\n<\/pre>\n\n\n\n<p class=\"has-foreground-color has-text-color has-large-font-size\" id=\"Verteiler\"><strong>Verteilerbau<\/strong><\/p>\n\n\n\n<figure class=\"wp-block-image size-full is-resized\"><img loading=\"lazy\" decoding=\"async\" width=\"450\" height=\"300\" src=\"https:\/\/gt-elektrotechnik.at\/wp-content\/uploads\/2022\/06\/Firma-6.jpg\" alt=\"\" class=\"wp-image-156\" style=\"width:451px\" srcset=\"https:\/\/gt-elektrotechnik.at\/wp-content\/uploads\/2022\/06\/Firma-6.jpg 450w, https:\/\/gt-elektrotechnik.at\/wp-content\/uploads\/2022\/06\/Firma-6-300x200.jpg 300w\" sizes=\"auto, (max-width: 450px) 100vw, 450px\" \/><\/figure>\n\n\n\n<pre class=\"wp-block-preformatted\">Wir bauen Ihren Verteiler auf Wunsch vom\nEFH Verteiler bis zum Industrieverteiler.\n\n<\/pre>\n\n\n\n<p class=\"has-foreground-color has-text-color has-large-font-size\" id=\"Installation\"><strong>Installationsbus<\/strong><\/p>\n\n\n\n<figure class=\"wp-block-image size-full\"><img loading=\"lazy\" decoding=\"async\" width=\"735\" height=\"300\" src=\"https:\/\/gt-elektrotechnik.at\/wp-content\/uploads\/2022\/06\/knx-8.jpg\" alt=\"\" class=\"wp-image-176\" srcset=\"https:\/\/gt-elektrotechnik.at\/wp-content\/uploads\/2022\/06\/knx-8.jpg 735w, https:\/\/gt-elektrotechnik.at\/wp-content\/uploads\/2022\/06\/knx-8-300x122.jpg 300w\" sizes=\"auto, (max-width: 735px) 100vw, 735px\" \/><\/figure>\n\n\n\n<pre class=\"wp-block-preformatted\">Sie m\u00f6chten eine intelligente Geb\u00e4udesteuerung - und am besten nach einem weltweit einheitlichen Standard? Wir sind Fachmann f\u00fcr Smart Home Systeme nach KNX-Standard und Loxone. Mit denen Sie nicht nur den Wert Ihrer Immobilie aufwerten und ein besseres Wohngef\u00fchl bekommen, sondern sich insgesamt in Ihren vier W\u00e4nden sicherer, komfortabler und gl\u00fccklicher f\u00fchlen.\n\n<\/pre>\n\n\n\n<p class=\"has-foreground-color has-text-color has-large-font-size\" id=\"Eladestation\"><strong>E-Ladestation<\/strong><\/p>\n\n\n\n<figure class=\"wp-block-image size-full\"><img loading=\"lazy\" decoding=\"async\" width=\"451\" height=\"300\" src=\"https:\/\/gt-elektrotechnik.at\/wp-content\/uploads\/2022\/06\/ladestation-7.jpg\" alt=\"\" class=\"wp-image-158\" srcset=\"https:\/\/gt-elektrotechnik.at\/wp-content\/uploads\/2022\/06\/ladestation-7.jpg 451w, https:\/\/gt-elektrotechnik.at\/wp-content\/uploads\/2022\/06\/ladestation-7-300x200.jpg 300w\" sizes=\"auto, (max-width: 451px) 100vw, 451px\" \/><\/figure>\n\n\n\n<pre class=\"wp-block-preformatted\">Von Jahr zu Jahr nehmen die Zulassungszahlen der Elektroautos zu.  Als zuverl\u00e4ssiger Elektro-Installateur m\u00f6chten wir Ihnen mit dem Kauf einer Ladestation die M\u00f6glichkeit bieten Ihr Fahrzeug sicher, schnell und \u00absmart\u00bb zu laden. Gerne schliessen wir auch Ihre selbst gekaufte Ladestation ans Hausnetz an.\n\n<\/pre>\n\n\n\n<p class=\"has-foreground-color has-text-color has-large-font-size\" id=\"Photo\"><strong>Photovoltaikanlagen<\/strong><\/p>\n\n\n\n<figure class=\"wp-block-image size-large is-resized\"><img loading=\"lazy\" decoding=\"async\" width=\"1024\" height=\"576\" src=\"https:\/\/gt-elektrotechnik.at\/wp-content\/uploads\/2022\/07\/679dd9a2-1024x576.jpg\" alt=\"\" class=\"wp-image-282\" style=\"width:451px;height:255px\" srcset=\"https:\/\/gt-elektrotechnik.at\/wp-content\/uploads\/2022\/07\/679dd9a2-1024x576.jpg 1024w, https:\/\/gt-elektrotechnik.at\/wp-content\/uploads\/2022\/07\/679dd9a2-300x169.jpg 300w, https:\/\/gt-elektrotechnik.at\/wp-content\/uploads\/2022\/07\/679dd9a2-768x432.jpg 768w, https:\/\/gt-elektrotechnik.at\/wp-content\/uploads\/2022\/07\/679dd9a2.jpg 1400w\" sizes=\"auto, (max-width: 1024px) 100vw, 1024px\" \/><\/figure>\n\n\n\n<pre class=\"wp-block-preformatted\">Dank Preissenkungen ist neuer Photovoltaikstrom heute g\u00fcnstiger als jede andere Kraftwerkstechnik.\nAllein auf den Geb\u00e4uden in \u00d6sterreich k\u00f6nnte mehr Strom produziert werden, als wir heute verbrauchen.\nPhotovoltaikanlagen produzieren w\u00e4hrend rund 30 Jahren Strom, ohne Verschmutzung oder L\u00e4rm, bei minimalen Unterhaltskosten.\nWir stehen f\u00fcr die Beratung, Planung und Ausf\u00fchrung von ganzheitlichen und nachhaltigen Energiel\u00f6sungen.\nIndividuell nach Ihren W\u00fcnschen, und den Gegebenheiten \nstellen Wir Ihre Photovoltaikanlage zusammen.\n\n<\/pre>\n\n\n\n<p class=\"has-foreground-color has-text-color has-large-font-size\" id=\"Batterie\"><strong>Batteriespeichersysteme<\/strong><\/p>\n\n\n\n<figure class=\"wp-block-image size-full\"><img loading=\"lazy\" decoding=\"async\" width=\"451\" height=\"300\" src=\"https:\/\/gt-elektrotechnik.at\/wp-content\/uploads\/2022\/06\/sonnen-batteriespeicher-sonnen-eco8-45kwh_orig-5.jpg\" alt=\"\" class=\"wp-image-179\" srcset=\"https:\/\/gt-elektrotechnik.at\/wp-content\/uploads\/2022\/06\/sonnen-batteriespeicher-sonnen-eco8-45kwh_orig-5.jpg 451w, https:\/\/gt-elektrotechnik.at\/wp-content\/uploads\/2022\/06\/sonnen-batteriespeicher-sonnen-eco8-45kwh_orig-5-300x200.jpg 300w\" sizes=\"auto, (max-width: 451px) 100vw, 451px\" \/><\/figure>\n\n\n\n<pre class=\"wp-block-preformatted\">Mit einem Batteriespeicher kann der Anteil des selbstverbrauchten, eigenerzeugten Solarstroms erh\u00f6ht werden. In einem Einfamilienhaus k\u00f6nnen damit Eigenverbrauchsanteile von bis zu 90 % erreicht werden. Der effektive Eigenverbrauchsanteil h\u00e4ngt von verschiedenen Faktoren, wie z.B. dem Verbrauchsprofil und der Anlagengr\u00f6sse ab und kann stark variieren. Aufgrund ihrer Zyklenfestigkeit und stetig sinkenden Preisen kommen heute prim\u00e4r Lithium-Ionen-Batterien zum Einsatz. Eine Photovoltaikanlage kann auch sp\u00e4ter mit einem Batteriespeicher erg\u00e4nzt werden.\n\n\n<\/pre>\n\n\n\n<p class=\"has-foreground-color has-text-color has-large-font-size\" id=\"Tier\"><strong>Loxone Smart Home<\/strong><\/p>\n\n\n\n<figure class=\"wp-block-image size-full is-resized\"><img loading=\"lazy\" decoding=\"async\" width=\"628\" height=\"628\" src=\"https:\/\/gt-elektrotechnik.at\/wp-content\/uploads\/2025\/09\/b7fc8638a0ac683f2da0814859a533fc.jpg\" alt=\"\" class=\"wp-image-323\" style=\"width:300px;height:auto\" srcset=\"https:\/\/gt-elektrotechnik.at\/wp-content\/uploads\/2025\/09\/b7fc8638a0ac683f2da0814859a533fc.jpg 628w, https:\/\/gt-elektrotechnik.at\/wp-content\/uploads\/2025\/09\/b7fc8638a0ac683f2da0814859a533fc-300x300.jpg 300w, https:\/\/gt-elektrotechnik.at\/wp-content\/uploads\/2025\/09\/b7fc8638a0ac683f2da0814859a533fc-150x150.jpg 150w\" sizes=\"auto, (max-width: 628px) 100vw, 628px\" \/><\/figure>\n\n\n\n<pre class=\"wp-block-preformatted\">In einem normalen Heim werden heutzutage etwa 150 Ger\u00e4te der Haustechnik und Unterhaltungselektronik gesteuert. Jedes einzelne mit unterschiedlichen Bedienelementen. Kein Ger\u00e4t wei\u00df was das andere gerade macht oder was der Bewohner gerade will.<br><br>Nicht sehr intelligent. Nicht sehr komfortabel.<br><br>In unserem LOXONE Smart Home hingegen wird alles von einem zentralen Herzst\u00fcck gesteuert, dem kleinen gr\u00fcnen Miniserver.<br><br>Somit kann ein einzelner einfacher Bewegungsmelder oder Schalter nicht nur Licht, sondern auch Alarm, Musik, L\u00fcftung, Heizung, Klimatisierung und mehr steuern.<br><br>Und wenn Sie einmal nicht da sind... dann denkt Ihr zuhause alleine mit, erkennt automatisch Situationen wie Regen, starken Wind, Temperatur, Brand, Einbruch, Sonnenuntergang und wei\u00df eigenst\u00e4ndig was zu tun ist.<br><br>Bedienen k\u00f6nnen Sie Ihr SmartHome \u00fcbrigens wie gewohnt mit Lichtschaltern, oder aber auch via Smartphone, zuhause oder unterwegs...<br><\/pre>\n\n\n\n<p class=\"has-foreground-color has-text-color has-large-font-size\" id=\"Video\"><strong>Video\u00fcberwachung<\/strong><\/p>\n\n\n\n<figure class=\"wp-block-image size-full\"><img loading=\"lazy\" decoding=\"async\" width=\"300\" height=\"300\" src=\"https:\/\/gt-elektrotechnik.at\/wp-content\/uploads\/2022\/06\/video-7.jpg\" alt=\"\" class=\"wp-image-181\" srcset=\"https:\/\/gt-elektrotechnik.at\/wp-content\/uploads\/2022\/06\/video-7.jpg 300w, https:\/\/gt-elektrotechnik.at\/wp-content\/uploads\/2022\/06\/video-7-150x150.jpg 150w\" sizes=\"auto, (max-width: 300px) 100vw, 300px\" \/><\/figure>\n\n\n\n<pre class=\"wp-block-preformatted\">Video\u00fcberwachungssysteme sch\u00fctzen Ihr KMU und Ihr Zuhause rund um die Uhr wirksam vor Einbr\u00fcchen, Vandalismus und weiteren Bedrohungen. Im Wesentlichen besteht das System aus einem Recorder, an den die Kameras mit Koaxial- oder Netzwerkkabel angeschlossen sind. Die Systemstruktur erm\u00f6glicht flexible, wirtschaftliche L\u00f6sungen. Wir unterst\u00fctzen Sie bei der\nKonzeption, Planung, Montage, Inbetriebnahme und Instandhaltung. So ist garantiert, dass das Video\u00fcberwachungssystem perfekt auf Ihre pers\u00f6nlichen Sicherheitsbed\u00fcrfnisse abgestimmt ist.\n\n\n<\/pre>\n\n\n\n<p class=\"has-foreground-color has-text-color has-large-font-size\" id=\"\u00dcber\"><strong>\u00dcberpr\u00fcfungsbefunde<\/strong><\/p>\n\n\n\n<figure class=\"wp-block-image size-large is-resized\"><img loading=\"lazy\" decoding=\"async\" width=\"1024\" height=\"685\" src=\"https:\/\/gt-elektrotechnik.at\/wp-content\/uploads\/2022\/07\/slider1YN8LZhusJhIKK-1024x685.jpg\" alt=\"\" class=\"wp-image-288\" style=\"width:451px;height:299px\" srcset=\"https:\/\/gt-elektrotechnik.at\/wp-content\/uploads\/2022\/07\/slider1YN8LZhusJhIKK-1024x685.jpg 1024w, https:\/\/gt-elektrotechnik.at\/wp-content\/uploads\/2022\/07\/slider1YN8LZhusJhIKK-300x201.jpg 300w, https:\/\/gt-elektrotechnik.at\/wp-content\/uploads\/2022\/07\/slider1YN8LZhusJhIKK-768x514.jpg 768w, https:\/\/gt-elektrotechnik.at\/wp-content\/uploads\/2022\/07\/slider1YN8LZhusJhIKK.jpg 1280w\" sizes=\"auto, (max-width: 1024px) 100vw, 1024px\" \/><\/figure>\n\n\n\n<pre class=\"wp-block-preformatted\">Wir \u00dcberpr\u00fcfen Ihre Anlage, oder Ihre Ger\u00e4te\nnach den geltenden SNT Vorschriften laut ETG2020.\n\n<\/pre>\n\n\n\n<p class=\"has-foreground-color has-text-color has-large-font-size\" id=\"Blitz\"><strong>Blitzschutz<\/strong><\/p>\n\n\n\n<figure class=\"wp-block-image size-full is-resized\"><img loading=\"lazy\" decoding=\"async\" width=\"486\" height=\"445\" src=\"https:\/\/gt-elektrotechnik.at\/wp-content\/uploads\/2022\/07\/Blitzableitung.jpg\" alt=\"\" class=\"wp-image-286\" style=\"width:451px\" srcset=\"https:\/\/gt-elektrotechnik.at\/wp-content\/uploads\/2022\/07\/Blitzableitung.jpg 486w, https:\/\/gt-elektrotechnik.at\/wp-content\/uploads\/2022\/07\/Blitzableitung-300x275.jpg 300w\" sizes=\"auto, (max-width: 486px) 100vw, 486px\" \/><\/figure>\n\n\n\n<pre class=\"wp-block-preformatted\">Blitzschutz gibt Sicherheit!\nBlitzschutz ist Brandschutz durch die Vermeidung\nvon Funken und Feuer beim Blitzeinschlag.\n\u00dcberspannungsschutz ist Brandschutz durch die Vermeidung\nvon Kurzschl\u00fcssen im Fall einer zu hohen Spannung.\nWir planen und realisieren den Schutz f\u00fcr Ihr zu Hause.\n\n<\/pre>\n\n\n\n<p class=\"has-foreground-color has-text-color has-large-font-size\" id=\"Netzwerk\"><strong>Netzwerktechnik<\/strong><\/p>\n\n\n\n<figure class=\"wp-block-image size-full\"><img loading=\"lazy\" decoding=\"async\" width=\"815\" height=\"300\" src=\"https:\/\/gt-elektrotechnik.at\/wp-content\/uploads\/2022\/06\/Netzwerk_1.jpg\" alt=\"\" class=\"wp-image-240\" srcset=\"https:\/\/gt-elektrotechnik.at\/wp-content\/uploads\/2022\/06\/Netzwerk_1.jpg 815w, https:\/\/gt-elektrotechnik.at\/wp-content\/uploads\/2022\/06\/Netzwerk_1-300x110.jpg 300w, https:\/\/gt-elektrotechnik.at\/wp-content\/uploads\/2022\/06\/Netzwerk_1-768x283.jpg 768w\" sizes=\"auto, (max-width: 815px) 100vw, 815px\" \/><\/figure>\n\n\n\n<pre class=\"wp-block-preformatted\">Wie einfach ist das denn? Wir sagen Ihnen, wie Sie ganz leicht Zeit und Aufwand sparen mit einem Heimnetzwerk, in dem Computer, Laptop, Smartphone, Tablet, Smart Home Ger\u00e4te, Smart-TV und Co. miteinander kommunizieren und Daten austauschen k\u00f6nnen. Allein das Wort \"Netzwerk\" schreckt manche ab, da es mit komplizierter Einrichtung und komplexer Technik in Verbindung gebracht wird. Doch ein Heimnetzwerk ist alles andere als kompliziert und bietet Komfort und zeitsparendes Vorgehen. Zudem k\u00f6nnen Sie mit einem guten Heimnetzwerk die Vorteile einer guten Internetanbindung erst vollends auskosten.\n<\/pre>\n","protected":false},"excerpt":{"rendered":"<p>Alarmmeldeanlagen Gem\u00e4ss Einbruchstatistik der Polizei finden in \u00d6sterreich 35 Einbr\u00fcche oder Einschleichdiebst\u00e4hle jeden Tag statt. Wir sorgen daf\u00fcr, dass Sie trotzdem ruhig schlafen und Ihr Haus oder Ihre Wohnung ohne schlechtes Gef\u00fchl verlassen k\u00f6nnen. Alarmsysteme sind modular aufgebaut und k\u00f6nnen individuell den unterschiedlichsten Bed\u00fcrfnisse angepasst werden. Wenn Sie eine professionelle Alarmanlage f\u00fcr Ihr Zuhause, Gesch\u00e4ft [&hellip;]<\/p>\n","protected":false},"author":1,"featured_media":0,"parent":0,"menu_order":0,"comment_status":"closed","ping_status":"closed","template":"","meta":{"_eb_attr":"","footnotes":""},"class_list":["post-219","page","type-page","status-publish","hentry"],"_links":{"self":[{"href":"https:\/\/gt-elektrotechnik.at\/index.php?rest_route=\/wp\/v2\/pages\/219","targetHints":{"allow":["GET"]}}],"collection":[{"href":"https:\/\/gt-elektrotechnik.at\/index.php?rest_route=\/wp\/v2\/pages"}],"about":[{"href":"https:\/\/gt-elektrotechnik.at\/index.php?rest_route=\/wp\/v2\/types\/page"}],"author":[{"embeddable":true,"href":"https:\/\/gt-elektrotechnik.at\/index.php?rest_route=\/wp\/v2\/users\/1"}],"replies":[{"embeddable":true,"href":"https:\/\/gt-elektrotechnik.at\/index.php?rest_route=%2Fwp%2Fv2%2Fcomments&post=219"}],"version-history":[{"count":18,"href":"https:\/\/gt-elektrotechnik.at\/index.php?rest_route=\/wp\/v2\/pages\/219\/revisions"}],"predecessor-version":[{"id":326,"href":"https:\/\/gt-elektrotechnik.at\/index.php?rest_route=\/wp\/v2\/pages\/219\/revisions\/326"}],"wp:attachment":[{"href":"https:\/\/gt-elektrotechnik.at\/index.php?rest_route=%2Fwp%2Fv2%2Fmedia&parent=219"}],"curies":[{"name":"wp","href":"https:\/\/api.w.org\/{rel}","templated":true}]}}