{"id":52,"date":"2022-06-09T08:49:00","date_gmt":"2022-06-09T08:49:00","guid":{"rendered":"http:\/\/gt-elektrotechnik.at\/?page_id=52"},"modified":"2025-09-10T15:15:58","modified_gmt":"2025-09-10T15:15:58","slug":"das-team","status":"publish","type":"page","link":"https:\/\/gt-elektrotechnik.at\/?page_id=52","title":{"rendered":"Das Team"},"content":{"rendered":"\n<p class=\"has-large-font-size\" style=\"line-height:1.2\"><strong>Gesch\u00e4ftsf\u00fchrer<\/strong> <strong>:<\/strong><br><strong>           Mst. Georg Kollmann<\/strong><\/p>\n\n\n\n<p class=\"has-large-font-size\"><strong>Gesch\u00e4ftsf\u00fchrer : <\/strong> <br><strong>          Tobias Jauk<\/strong><\/p>\n\n\n\n<p class=\"has-large-font-size\"><strong>Qualifizierter Facharbeiter :  <\/strong> <br> <strong>    Franz Urban<\/strong><\/p>\n\n\n\n<p class=\"has-large-font-size\"><strong>Facharbeiter :   <br>     Lukas Urban<\/strong><\/p>\n\n\n\n<p><\/p>\n","protected":false},"excerpt":{"rendered":"<p>Gesch\u00e4ftsf\u00fchrer : Mst. Georg Kollmann Gesch\u00e4ftsf\u00fchrer : Tobias Jauk Qualifizierter Facharbeiter : Franz Urban Facharbeiter : Lukas Urban<\/p>\n","protected":false},"author":1,"featured_media":0,"parent":0,"menu_order":0,"comment_status":"closed","ping_status":"closed","template":"","meta":{"_eb_attr":"","footnotes":""},"class_list":["post-52","page","type-page","status-publish","hentry"],"_links":{"self":[{"href":"https:\/\/gt-elektrotechnik.at\/index.php?rest_route=\/wp\/v2\/pages\/52","targetHints":{"allow":["GET"]}}],"collection":[{"href":"https:\/\/gt-elektrotechnik.at\/index.php?rest_route=\/wp\/v2\/pages"}],"about":[{"href":"https:\/\/gt-elektrotechnik.at\/index.php?rest_route=\/wp\/v2\/types\/page"}],"author":[{"embeddable":true,"href":"https:\/\/gt-elektrotechnik.at\/index.php?rest_route=\/wp\/v2\/users\/1"}],"replies":[{"embeddable":true,"href":"https:\/\/gt-elektrotechnik.at\/index.php?rest_route=%2Fwp%2Fv2%2Fcomments&post=52"}],"version-history":[{"count":12,"href":"https:\/\/gt-elektrotechnik.at\/index.php?rest_route=\/wp\/v2\/pages\/52\/revisions"}],"predecessor-version":[{"id":318,"href":"https:\/\/gt-elektrotechnik.at\/index.php?rest_route=\/wp\/v2\/pages\/52\/revisions\/318"}],"wp:attachment":[{"href":"https:\/\/gt-elektrotechnik.at\/index.php?rest_route=%2Fwp%2Fv2%2Fmedia&parent=52"}],"curies":[{"name":"wp","href":"https:\/\/api.w.org\/{rel}","templated":true}]}}

<p class="has-large-font-size" style="line-height:1.2"><strong>Geschäftsführer</strong> <strong>:</strong><br><strong>           Mst. Georg Kollmann</strong></p>



<p class="has-large-font-size"><strong>Geschäftsführer : </strong> <br><strong>          Tobias Jauk</strong></p>



<p class="has-large-font-size"><strong>Qualifizierter Facharbeiter :  </strong> <br> <strong>    Franz Urban</strong></p>



<p class="has-large-font-size"><strong>Facharbeiter :   <br>     Lukas Urban</strong></p>



<p></p>

<p>Geschäftsführer : Mst. Georg Kollmann Geschäftsführer : Tobias Jauk Qualifizierter Facharbeiter : Franz Urban Facharbeiter : Lukas Urban</p>
